et i be y(9). Suppose -q + i + 4 = 0. List the prime factors of q.
2
Suppose 3*k - i = 93787, 280945 = 8*k - 2*i + 30851. What are the prime factors of k?
2, 3, 5, 521
Let y be 11/(-88) + (-999)/8. Let c = y - -783. What are the prime factors of c?
2, 7, 47
Let u be 1/((-8)/(64/12)) - (-26)/(-6). Suppose 0 = -2*r - 4 - 2. What are the prime factors of (u - (-5 + 141))/r?
47
Suppose -5*j = 20, 0 = 2*a - 3352*j + 3348*j - 75894. List the prime factors of a.
11, 3449
Let m be 0 + -2 + 7/(-7) + -555. Let g = m + 986. What are the prime factors of g?
2, 107
Let b = -76 - -137. Let f = -36 + b. Let s = 121 - f. What are the prime factors of s?
2, 3
Let y(z) = -5*z**2 - 15*z + 6. Let p be y(-3). List the prime factors of 4/((-72)/(-2886)) + (-8)/p.
3, 53
Let r = -2132 + 7140. List the prime factors of r.
2, 313
Suppose 8*z = -5 + 29. Let n be (-1*(z - 180))/(-1). Let q = 256 + n. What are the prime factors of q?
79
Suppose -2*r + 7*r - 5 = 0. Let j be 40/24 + r/3. Suppose j*t = -4*t + 156. List the prime factors of t.
2, 13
Let c be (6*(-8)/(-60))/((-2)/(-10)). Suppose -3*x + 2*m - 3 = 0, x - 3*m + 12 = c*x. Suppose n = x, 0*i = -4*i + 3*n + 433. What are the prime factors of i?
109
Suppose -85*u = 3*y - 80*u - 196704, -20*u + 131136 = 2*y. What are the prime factors of y?
2, 3, 683
Suppose 4*k = -5*p, -3*p + k = 2*k - 7. List the prime factors of ((-186)/10)/(p*(-7)/700).
3, 5, 31
Let q = 77508 - 46279. What are the prime factors of q?
11, 17, 167
Let t(l) = -l + 2. Let g be t(-2). Suppose -640 = -8*p + 32. Suppose 8*h - p = g*h - 4*a, 3*h - 71 = a. What are the prime factors of h?
23
Let y be (6 - -747)/(-1 + (-5 - -5)). Let a = -65 - y. List the prime factors of a.
2, 43
Let p = -84493 + 118759. List the prime factors of p.
2, 3, 5711
Let i be (-49)/(-2) + (-36)/72. Let d(k) = 64*k + 138. What are the prime factors of d(i)?
2, 3, 31
Suppose 2*d + 0*o - 3*o - 39 = 0, -d - 5*o = 0. List the prime factors of d/(-9) - (-17416)/42.
7, 59
Let m(l) be the first derivative of -l**2/2 + 111*l - 113. List the prime factors of m(20).
7, 13
Let b = 9604 - -2302. What are the prime factors of b?
2, 5953
Let t = 309 - -5722. List the prime factors of t.
37, 163
What are the prime factors of (1719 - 37)*-1*1/((-6)/45)?
3, 5, 29
List the prime factors of 2/26 - (-28178136)/4238.
61, 109
What are the prime factors of (-1)/(((-143)/48961)/13)?
4451
List the prime factors of (1240093/(-124))/(((-2)/(-10))/(8/(-10))).
109, 367
Let w(m) = 56*m**3 - 3*m**2 - 17*m + 11. What are the prime factors of w(3)?
5, 17
Let j = 133 - 131. Suppose 3*g = 2*v - 563, -g = -j*v + 3*g + 566. List the prime factors of v.
277
Let u(h) = h**2 + 5*h - 4. Let v be u(-6). Let n(g) = g**3 - 3*g**2 + 2*g. Let r be n(v). Suppose 2*c - c - 35 = r. List the prime factors of c.
5, 7
Suppose 65 = 21*a + 2. What are the prime factors of 16/(-16) + (-120)/a*-2?
79
What are the prime factors of (-2)/(-7) + (-251657)/147*-6?
2, 3, 107
Suppose 134*k = -18859 + 297847. What are the prime factors of k?
2, 3, 347
Let v be (-4)/10 - 238/(-70). Let y be v + 0 + 3 + -7 - -35. Suppose -y = -2*c + 78. What are the prime factors of c?
2, 7
Suppose c - 8*g + 3*g = 12, 8 = -4*g. Let m(h) = 40*h - 1. Let t(l) = -155*l + 1. Let n(y) = 9*m(y) + 2*t(y). What are the prime factors of n(c)?
3, 31
Let a = 21 - 17. Suppose 354 + 206 = a*v. Suppose -7*s + v = -2*s. List the prime factors of s.
2, 7
List the prime factors of -6 + (-182298)/(25 + -28).
2, 5, 7, 31
Suppose -6*j + 2*j + 43 = -3*b, -3*b - 36 = -3*j. Let o(l) = l**2 + 6*l - 80. Let w be o(18). Suppose w + 523 = j*c. List the prime factors of c.
5
Let a be -53 + 59 - (-1 - 0)/(-1). Suppose -7733 = -a*l + 2*d, 0 = -4*l + 4*d + 5824 + 360. List the prime factors of l.
7, 13, 17
Let c(n) = 288*n + 252. Let k(u) = 26*u + 23. Let s(y) = 5*c(y) - 54*k(y). What are the prime factors of s(19)?
2, 3, 13
Suppose -5*b - 27042 + 110202 = -5*d, 2*d = -3*b + 49861. What are the prime factors of b?
5, 7, 19
Let y(q) be the first derivative of 90*q**2 + 4*q - 23. Let h be y(2). Suppose -12*z = -h - 428. What are the prime factors of z?
2, 3, 11
Suppose -95*o = 3*t - 92*o - 75504, -o - 125834 = -5*t. List the prime factors of t.
3, 8389
Suppose 3*v = 2*a + 18005, -185*v + 188*v - 4*a = 17989. What are the prime factors of v?
6007
Suppose 3*r + r = -2096. Let q = -263 - r. What are the prime factors of q?
3, 29
Let q be (-3)/(-15) - (-168)/35. Suppose -4*l = -5*h - 110, 3*h + 16 = q*l - 63. What are the prime factors of (-2 - 200/(-12))*h/(-4)?
2, 3, 11
Suppose -40*g - 20*g - 4*g = -7616. List the prime factors of g.
7, 17
Suppose 5*g + 12 = 9*g. Suppose -3*z + 3*y + 6 = 0, g*z = -2*y + 3*y. List the prime factors of (z - (-1942)/14) + 8/28.
2, 3, 23
Suppose 4*x - 146 = l, -x - 2 = l - 36. Let i = x - -114. List the prime factors of i.
2, 3, 5
Let f(r) be the second derivative of 3*r**5/20 - r**4/6 + 5*r**3/6 - 5*r**2/2 - r + 12. What are the prime factors of f(4)?
5, 7
Let s(r) = 4 + 4*r**2 + 4 - 3 + 0*r - 14*r. Let p be s(4). Let z = 51 - p. List the prime factors of z.
2, 19
Suppose 4*c - 3*i = 2*c + 31804, 2*i = 4*c - 63592. List the prime factors of c.
2, 1987
Let l be (-1455)/6*2/(-5). What are the prime factors of 23/2*4850/l?
5, 23
Let n(d) = -4*d**3 - d**2 + d + 3. Let x = -19 - -16. What are the prime factors of n(x)?
3, 11
Let i(w) = -w**3 + 10*w**2 - 2*w - 1. Let a(s) = 3*s**2 + 18*s + 7. Let g be a(-7). Suppose -5*u = -u - g. List the prime factors of i(u).
2, 3, 11
Let s = -7038 - -11538. What are the prime factors of s?
2, 3, 5
Let v(k) = 3435*k + 3630. List the prime factors of v(5).
3, 5, 19, 73
Let m(w) = w**3 - 9*w**2 - 9*w + 19. Let c be m(10). Suppose 2*o - p + 21 = 0, -4*o + p - 70 = -c. List the prime factors of (-4)/(-20)*o/4*-134.
67
Let c(m) = 133*m**2 - 6*m - 4. Let q be c(5). Suppose -5*t - q = -4*s, -635 - 186 = -s + 3*t. List the prime factors of s.
2, 103
Suppose 5*y - 156590 = 5*j, 3*j = -402*y + 398*y + 125286. What are the prime factors of y?
2, 3, 5, 29
Suppose 20*f = -12*f - 33696. Let o = 1530 + f. List the prime factors of o.
3, 53
List the prime factors of 1/((-1)/(-422)*(-2)/(-9)).
3, 211
Let j = -58 - -192. Let b = j - 91. Let c = b - 20. What are the prime factors of c?
23
Let h = 68460 + 12033. List the prime factors of h.
3, 7, 3833
Let d = -6339 + 20955. Suppose -7*q + 21*q - d = 0. List the prime factors of q.
2, 3, 29
Let a(l) = 19*l**3 + 3*l**2 + 9*l - 31. Suppose -18*b + 0*b = -54. What are the prime factors of a(b)?
2, 67
Let l(x) = 2*x**3 - 2*x**2 + 9851. What are the prime factors of l(0)?
9851
Let i(v) be the second derivative of 17/6*v**3 + 11*v + 19/12*v**4 + 1/20*v**5 + 0 + 11*v**2. What are the prime factors of i(-18)?
2, 5
Suppose -377*q = -381*q + x + 116197, 0 = -q + x + 29044. List the prime factors of q.
11, 19, 139
Let l(m) = -m**3 + 2*m. Let y be l(-2). Let p be (y - -7)*31 + -4. Suppose 0 = 3*b - 2*o + o - p, -4*o = -3*b + 331. List the prime factors of b.
113
Suppose 0 = 4*p - 4*n - 25857 + 3561, -3*p = 4*n - 16673. List the prime factors of p.
19, 293
Suppose -3*l + 5*m + 26 + 51 = 0, 5*l - 115 = 5*m. Suppose 11*p - l*p = -2000. What are the prime factors of p?
2, 5
Suppose 7*x + 16 = 2*h - 11, 3*x - 4*h = -21. Let i(q) = -2*q**2 + 3*q**2 - 6 + q + 3. What are the prime factors of i(x)?
3
Let q = 22636 + -10527. What are the prime factors of q?
12109
Suppose -11 - 1 = -w. Let v = 110 + -85. Suppose -v = -q + w. List the prime factors of q.
37
List the prime factors of ((-2654)/(-5))/(11 + -16 + 227/45).
3, 1327
List the prime factors of (-7)/(-2*8/10304).
2, 7, 23
Let y be ((-2)/(-3) - 2)*1305/6. Let p = y - -417. What are the prime factors of p?
127
Suppose -6*a = -22173 - 36489. What are the prime factors of a?
3, 3259
Suppose -1078940 - 5405134 - 1418842 = -244*p. What are the prime factors of p?
7, 661
Suppose -r = -4*s + 456, -432 = -5*s - 2*r + 151. Let j = s - -303. What are the prime factors of j?
2, 11, 19
Let i = 291 + 2706. Suppose -4*b - i - 909 = -3*s, -4*b - 5212 = -4*s. List the prime factors of s.
2, 653
Let n(q) = 1242*q - 328. List the prime factors of n(5).
2, 17, 173
Let j(c) = 11*c**2 + 12*c - 12. Let o be j(1). Suppose -3*y + 914 = -5*s, y = -5*s + 327 + o. List the prime factors of y/4 